110101
In base 3, what is -2201011222211 + -22?
-2201012000010
In base 13, what is -12 + -74537?
-74549
In base 15, what is 3bb1cd + 7?
3bb1d5
In base 12, what is 3499 + 197a?
5257
In base 14, what is 5729 + 10b4?
67dd
In base 4, what is 2 - -10222122020?
10222122022
In base 5, what is -11404 + 132021?
120112
In base 12, what is 211aa7 + 26?
211b11
In base 9, what is -30860 + 143?
-30716
In base 9, what is -56 + 11413865?
11413808
In base 10, what is 5053950 + -27?
5053923
In base 3, what is 200012201220 + -20010?
200012111210
In base 7, what is -12136025 - -56?
-12135636
In base 15, what is 1 + 652941?
652942
In base 12, what is 1b311a01 - 9?
1b3119b4
In base 6, what is 13 + 5104411?
5104424
In base 2, what is -10011101010100010000011000 - 1?
-10011101010100010000011001
In base 6, what is 3213 + -115424?
-112211
In base 16, what is -3301f7 - -1b?
-3301dc
In base 15, what is -e - 275d7d?
-275d8c
In base 3, what is -210122202222 - -102200?
-210122100022
In base 11, what is 4a07 - -49?
4a55
In base 2, what is 1111101101101111100001100 + 1?
1111101101101111100001101
In base 15, what is -3c89924 + 8?
-3c8991b
In base 5, what is -2020324 + 321?
-2020003
In base 2, what is -1100010110111000 + -1100?
-1100010111000100
In base 13, what is 7 - 3bb9370?
-3bb9366
In base 13, what is 19 + 12825?
12841
In base 6, what is 1 - -1454053444?
1454053445
In base 5, what is -40442 + 2200100?
2104103
In base 8, what is 5 + -7215460?
-7215453
In base 16, what is 229b27 + 3?
229b2a
In base 5, what is -433 - 1144324014?
-1144330002
In base 2, what is 111001011001 - -1000011001000?
1111100100001
In base 6, what is -4245 + -345410?
-354055
In base 14, what is -83d + 2185?
1746
In base 13, what is -1604374 - 0?
-1604374
In base 16, what is -1fd0f - -801?
-1f50e
In base 15, what is -a522a + -1?
-a522b
In base 14, what is -2 - -6a7457?
6a7455
In base 14, what is -9c + 63a8?
630a
In base 9, what is 1004664 - -114?
1004778
In base 10, what is -284140 - -89?
-284051
In base 11, what is -1 - -2a979182?
2a979181
In base 6, what is 324 + 1225003?
1225331
In base 2, what is -101110100100 + 111101010?
-100110111010
In base 3, what is 11111222 + -12020001?
-201002
In base 10, what is -23322402 - -10?
-23322392
In base 2, what is 1000 + -1110010111011001000?
-1110010111011000000
In base 2, what is -1010100001110011101 + -1001?
-1010100001110100110
In base 11, what is -2 + 939150a?
9391508
In base 16, what is 12b + -19b?
-70
In base 11, what is -785 - -108589?
107904
In base 6, what is 45152321 - -15?
45152340
In base 15, what is 3 + 51a70d0?
51a70d3
In base 7, what is -42023 - -230?
-41463
In base 8, what is -562 + -40621?
-41403
In base 11, what is 8520203 + 2?
8520205
In base 7, what is -3 + -1143160121?
-1143160124
In base 12, what is 7898089 - 16?
7898073
In base 14, what is -4329 + bc0?
-3549
In base 11, what is -4948 + 5a7?
-4351
In base 2, what is 101001 - -11110100001110011001?
11110100001111000010
In base 3, what is 1010 - 100102202012000?
-100102202010220
In base 9, what is -2 - -71443163?
71443161
In base 3, what is 11 - -220011202010001?
220011202010012
In base 12, what is 41 + 259694?
259715
In base 7, what is -503500134 - 2?
-503500136
In base 3, what is 2110010 - -211222002?
221102012
In base 15, what is -2 + e06c26?
e06c24
In base 11, what is -12867a6 + -79?
-1286874
In base 3, what is -10222221122 - 1?
-10222221200
In base 2, what is -110111101111011010101001100 - 0?
-110111101111011010101001100
In base 8, what is -3524 + -7422?
-13146
In base 12, what is -5 - 541495?
-54149a
In base 11, what is -3 + 826a82?
826a7a
In base 16, what is -31 - -36803?
367d2
In base 13, what is -44141c9 + -25?
-4414221
In base 12, what is 371819 - -2?
37181b
In base 5, what is -301104231 + 13112?
-301041114
In base 9, what is -1301502822 + -4?
-1301502826
In base 7, what is -123512351 + 2?
-123512346
In base 3, what is -1121002201200101 + 20?
-1121002201200011
In base 7, what is -211415065 - 64?
-211415162
In base 13, what is -3357a + -69a?
-33c47
In base 8, what is 155057600 + -5?
155057573
In base 10, what is 61764 + 3?
61767
In base 5, what is -222214012340 - 2?
-222214012342
In base 8, what is 37614303 - -1?
37614304
In base 16, what is -237288 + -b?
-237293
In base 2, what is 1 - 1000101011101101110011?
-1000101011101101110010
In base 16, what is -78e50 - 2f?
-78e7f
In base 9, what is 2 - -22857052?
22857054
In base 16, what is -74530 + -40?
-74570
In base 13, what is 3 - 103a1aa?
-103a1a7
In base 16, what is -5a72 - -370?
-5702
In base 15, what is 15cd9 + -3ba?
1591e
In base 4, what is 230 - 231320020?
-231313130
In base 9, what is 2452 - 8143?
-5581
In base 11, what is 39877167 + 4?
39877170
In base 11, what is -7 + 476285a4?
47628598
In base 15, what is 12be6 - 360?
12886
In base 9, what is 37433 - -1736?
40270
In base 11, what is 3a1 - -35646?
35a37
In base 14, what is 4 - -2d8a3c63?
2d8a3c67
In base 13, what is -500ba - -c?
-500ab
In base 15, what is -79b + -5b8a?
-6436
In base 9, what is 11347 + -60?
11277
In base 12, what is -15 + -11304292?
-113042a7
In base 11, what is -3 + 52297546?
52297543
In base 13, what is -274a - -459b9?
4326c
In base 15, what is -eea78 + -80?
-eeb08
In base 12, what is 47ab7 - -8b?
47b86
In base 15, what is -1c36 + -83?
-1cb9
In base 5, what is -103041044 + 2134?
-103033410
In base 4, what is -120330020202 + -102?
-120330020310
In base 16, what is -fa - -10632?
10538
In base 14, what is -5635 + -b6b?
-63a2
In base 5, what is 104011203013 - 2?
104011203011
In base 6, what is 1012 + 42421345?
42422401
In base 10, what is 38 - -5474?
5512
In base 7, what is -1 - -140134053?
140134052
In base 6, what is 33 + 4150440?
4150513
In base 7, what is 3 + 4434666?
4435002
In base 12, what is -1 + 3202bba?
3202bb9
In base 7, what is -110 + 454363?
454253
In base 16, what is 5 + -467af7d?
-467af78
In base 16, what is 7 - -2ccfe?
2cd05
In base 3, what is -21202212120221 - 2?
-21202212121000
In base 8, what is 4 + 630663426?
630663432
In base 14, what is -7557a12 - 5?
-7557a17
In base 16, what is -b - -3f0a7f?
3f0a74
In base 9, what is -20 - -7238550?
7238530
In base 8, what is 5 + -2274424?
-2274417
In base 10, what is -141 + -386648?
-386789
In base 14, what is 2 + -77811b8?
-77811b6
In base 5, what is -300234213321 + 3?
-300234213313
In base 16, what is -5 - -1708a9?
1708a4
In base 11, what is 3543a5 - 37?
354369
In base 6, what is -522 - 1501050?
-1502012
In base 16, what is 3f - -1a488c?
1a48cb
In base 5, what is -4122402 + -2210?
-4130112
In base 5, what is -11 + 102331014112?
102331014101
In base 8, what is 143767 + -5365?
136402
In base 14, what is -6 + -c81cc62?
-c81cc68
In base 10, what is 2274635 - 129?
2274506
In base 2, what is 11111110 - 10000000101101101?
-10000000001101111
In base 14, what is -7c1d5 + 19?
-7c1ba
In base 9, what is 20 + -1523465?
-1523445
In base 16, what is b690f + 45?
b6954
In base 5, what is -102310403 - 304?
-102311212
In base 14, what is 110abc - 322?
11079a
In base 15, what is 11 - -21160?
21171
In base 9, what is -341323768 + -1?
-341323770
In base 11, what is 44635a50 + 3?
44635a53
In base 13, what is -5 + 147aa83?
147aa7b
In base 8, what is -14 - -70034275?
70034261
In base 5, what is -4 + -434124433311?
-434124433320
In base 3, what is 211001012220101 - -1?
211001012220102
In base 2, what is 101 + -1110011010111110111?
-1110011010111110010
In base 16, what is 5751c0 + 0?
5751c0
In base 7, what is 14511 + -213?
14265
In base 8, what is -4 - 670613155?
-670613161
In base 6, what is 2 + -31040142?
-31040140
In base 9, what is -511678 - -75?
-511603
In base 12, what is 21 - 29041?
-29020
In base 7, what is 1 - -2553541346?
2553541350
In base 12, what is 24a3 + 3177a?
34061
In base 2, what is 1000001101110010 - -10101100?
1000010000011110
In base 6, what is 35 + -3052445424?
-3052445345
In base 10, what is 3 + -12651565?
-12651562
In base 12, what is 44 - -13624ab?
1362533
In base 4, what is -210203223301 - 32?
-210203223333
In base 13, what is 26bbc + 57?
26c46
In base 3, what is 1021020222010021 + 11?
1021020222010102
In base 11, what is 964714 + -6?
964709
In base 12, what is 1188 - 6473?
-52a7
In base 4, what is 23130232101 + 11?
23130232112
In base 3, what is -1210020 + -12101?
-1222121
In base 2, what is 10110001101